 and 16304?
2038
What is the highest common factor of 77420 and 9559?
79
What is the greatest common factor of 23513 and 224?
7
What is the greatest common factor of 5598 and 36076?
622
Calculate the highest common factor of 15023 and 1577.
83
Calculate the greatest common factor of 103 and 641484.
103
What is the highest common divisor of 7670478 and 318?
318
What is the highest common factor of 8352 and 30160?
464
Calculate the highest common divisor of 115797 and 174.
87
Calculate the greatest common divisor of 1952 and 1296.
16
Calculate the greatest common factor of 2063578 and 2134.
2134
What is the highest common factor of 1445485 and 235?
235
What is the highest common divisor of 426 and 3102771?
213
What is the greatest common divisor of 20995 and 133?
19
What is the highest common factor of 1025 and 5150?
25
Calculate the greatest common divisor of 107270 and 340.
170
Calculate the highest common divisor of 186075 and 225.
225
What is the highest common divisor of 578650 and 20?
10
What is the greatest common divisor of 36158 and 28282?
358
Calculate the highest common factor of 3064 and 2200.
8
What is the greatest common divisor of 7383 and 144450?
321
Calculate the highest common divisor of 738 and 19524.
6
What is the highest common factor of 441471 and 18941?
1457
Calculate the highest common divisor of 15 and 12391305.
15
Calculate the greatest common factor of 250 and 22130.
10
What is the greatest common divisor of 5676228 and 348?
348
Calculate the highest common divisor of 7467 and 9563.
131
Calculate the greatest common factor of 695620 and 190.
10
What is the greatest common divisor of 147118 and 34?
34
Calculate the highest common divisor of 236 and 620.
4
Calculate the highest common factor of 345 and 1171551.
69
Calculate the greatest common factor of 2494 and 2552.
58
Calculate the highest common factor of 108756 and 2703.
159
What is the highest common factor of 21609 and 84?
21
What is the highest common factor of 4548 and 1829433?
1137
Calculate the greatest common divisor of 57 and 15370620.
57
What is the greatest common factor of 46 and 135263?
23
Calculate the highest common divisor of 103507 and 6408.
89
Calculate the greatest common divisor of 13051 and 155.
31
Calculate the greatest common factor of 730 and 11190.
10
What is the greatest common divisor of 226 and 328?
2
What is the greatest common divisor of 1812 and 87429?
453
What is the greatest common divisor of 3857539 and 511?
511
What is the greatest common factor of 16252 and 148658?
478
What is the greatest common divisor of 1763442 and 313?
313
Calculate the greatest common divisor of 21945000 and 24.
24
Calculate the highest common factor of 853175 and 25.
25
Calculate the highest common factor of 11 and 38179.
1
What is the greatest common divisor of 1094835 and 21?
21
What is the greatest common factor of 46436 and 17766?
94
What is the highest common divisor of 45149 and 897?
299
What is the highest common divisor of 99 and 4728603?
33
What is the greatest common divisor of 28 and 41692?
28
Calculate the greatest common divisor of 146 and 23.
1
Calculate the greatest common divisor of 36 and 13316.
4
What is the highest common divisor of 1090 and 291030?
1090
Calculate the greatest common divisor of 9515 and 121.
11
Calculate the greatest common divisor of 33957 and 1727.
11
What is the highest common factor of 436 and 1096?
4
What is the highest common divisor of 245560 and 1960?
280
What is the greatest common factor of 11319 and 32879?
539
Calculate the highest common factor of 926109 and 51.
51
Calculate the greatest common factor of 50485 and 92.
23
Calculate the greatest common divisor of 99091 and 503.
503
Calculate the greatest common factor of 31610 and 110.
10
What is the greatest common factor of 43687 and 119?
7
What is the greatest common factor of 5306 and 294104?
758
Calculate the greatest common factor of 82985 and 2170.
35
Calculate the greatest common factor of 150331 and 2516.
629
What is the highest common factor of 159300 and 2478?
354
Calculate the highest common factor of 38 and 129694.
38
Calculate the greatest common divisor of 3850 and 1404550.
350
Calculate the highest common divisor of 338492 and 88.
44
What is the greatest common factor of 8477 and 2653?
7
Calculate the highest common factor of 51939 and 6567.
597
Calculate the greatest common divisor of 4508 and 28.
28
What is the greatest common divisor of 10783 and 5781?
41
What is the greatest common factor of 169626 and 306?
102
What is the highest common factor of 801654 and 42?
42
Calculate the greatest common divisor of 2835 and 1855.
35
What is the greatest common factor of 580 and 52345?
145
Calculate the highest common factor of 240 and 6294000.
240
Calculate the highest common factor of 1192 and 2831.
149
Calculate the greatest common factor of 64 and 631520.
32
What is the highest common divisor of 4 and 6124?
4
Calculate the greatest common factor of 410 and 3250.
10
What is the highest common divisor of 46637 and 939?
313
Calculate the highest common factor of 14496528 and 24.
24
Calculate the highest common divisor of 70 and 12470.
10
Calculate the greatest common divisor of 5804 and 12.
4
What is the highest common divisor of 1096 and 138644?
548
What is the highest common divisor of 300 and 23364?
12
What is the highest common divisor of 5842440 and 72?
72
What is the highest common factor of 13867 and 98?
49
Calculate the greatest common divisor of 3 and 321.
3
Calculate the highest common factor of 7 and 1012144.
7
Calculate the highest common divisor of 776065 and 4035.
1345
What is the greatest common divisor of 696 and 64264?
232
What is the greatest common divisor of 248 and 6758?
62
What is the highest common factor of 580993 and 1336?
167
What is the greatest common factor of 11999 and 663637?
923
Calculate the greatest common factor of 183742 and 3367.
481
Calculate the highest common factor of 1015 and 1435.
35
What is the greatest common factor of 369803 and 98?
49
What is the highest common divisor of 1281 and 64904?
427
Calculate the highest common divisor of 5957 and 75509.
161
Calculate the greatest common factor of 261 and 42949.
29
Calculate the highest common factor of 140 and 1473808.
28
Calculate the highest common divisor of 105595 and 270.
5
Calculate the greatest common factor of 26195 and 2635.
155
What is the greatest common divisor of 171 and 63726?
57
What is the highest common factor of 17680 and 3952?
208
What is the highest common factor of 28888 and 368?
184
What is the greatest common factor of 40 and 36848?
8
Calculate the greatest common divisor of 4730332 and 1306.
1306
Calculate the highest common factor of 48915 and 180.
45
What is the greatest common divisor of 97869 and 31008?
969
Calculate the highest common divisor of 56770 and 70.
70
What is the greatest common divisor of 1045433 and 292?
73
What is the highest common factor of 14 and 22228?
2
What is the greatest common factor of 73182 and 18?
6
What is the highest common factor of 181304 and 786?
262
Calculate the highest common factor of 58125 and 1395.
465
Calculate the greatest common factor of 421214 and 94.
94
What is the highest common divisor of 5428 and 1652?
236
What is the greatest common divisor of 192 and 92256?
96
Calculate the highest common divisor of 2548 and 30919.
49
What is the highest common divisor of 7092 and 56?
4
What is the highest common divisor of 920 and 115690?
230
What is the highest common divisor of 3555 and 2528?
79
Calculate the greatest common factor of 328 and 9225.
41
Calculate the greatest common factor of 384 and 823872.
192
What is the greatest common factor of 2183 and 333592?
37
What is the highest common divisor of 141 and 9071?
47
What is the highest common divisor of 126 and 162540?
126
What is the highest common divisor of 10338 and 432?
6
Calculate the highest common divisor of 5076342 and 9.
9
Calculate the greatest common factor of 546 and 7133.
7
What is the highest common factor of 3828852 and 24?
12
What is the greatest common factor of 16 and 236636?
4
What is the greatest common factor of 44 and 101440?
4
Calculate the greatest common factor of 3948 and 24017.
329
What is the greatest common divis